*q = 75. Let c = 1147 - t. Let s = c - 155. Is s a composite number?
False
Let w = -9 + 20. Suppose 0 = -3*f + w + 1. Suppose 4*g - 4*n = 1332, f*g + 3*n - 1340 = -22. Is g a composite number?
False
Is (-2202864)/(-24) - (0 - (0 - -3)) prime?
False
Suppose 2*n + 8214 = 2*x, -6*x + 8*x - 8228 = -5*n. Is x a composite number?
True
Let c(g) = g - 3*g - 15*g**2 - 40 - g**3 - 7*g**2. Let u be c(-22). Is 5 - ((-4820)/u + 3) composite?
True
Let d = -505 - -517. Is (3 - (-316616)/d) + 8/(-12) a prime number?
True
Let l = -388 - -393. Suppose k - 3*k - l*g + 10378 = 0, 4*k - 20756 = 6*g. Is k a prime number?
True
Let w(t) = -154*t - 6. Let n be w(9). Let i = 1991 + n. Suppose 286 = 5*y - i. Is y a prime number?
False
Let q be 0 - -3 - 5/5. Suppose 4*j + z = 10524, q*z + 10524 = j + 3*j. Is j a composite number?
True
Let s(v) = 4853*v**2 + 19*v - 4. Let t(y) = -2427*y**2 - 10*y + 2. Let x(b) = 3*s(b) + 5*t(b). Is x(1) a composite number?
True
Let c = 475498 - 280509. Is c a prime number?
True
Suppose 295*n - 961523 = 290*n - 2*p, -769198 = -4*n - 5*p. Is n a prime number?
True
Let v = -2613 + 772. Let c be (2/(-5))/((-2)/12970). Let q = v + c. Is q prime?
False
Suppose -9*m = -10*m - 13212. Is (m/(-2))/3 + (-6 - -7) prime?
True
Let f = 193495 + -38052. Is f composite?
False
Let j = 68 + -53. Let f = -5 + j. Suppose 2800 = 3*o - w, 2*w - f = -3*w. Is o a prime number?
False
Suppose 0 = -33*v + 2078454 + 2921607. Is v a prime number?
True
Is ((-146242)/(-5))/(8 + (-228)/30) composite?
False
Let o(z) = -z**2 + 27*z + 7. Let h be o(28). Suppose -3*v + 3 = -18. Is v/(-2)*(h + -25) a prime number?
False
Let a = -314275 + 474784. Is a prime?
False
Suppose z = 5*x + 86832, z - 4*x = 32037 + 54796. Is z a prime number?
True
Let w(b) = -2*b**3 - 7*b**2 - 6*b - 13. Let q(x) = x**3 + x - 1. Let v(o) = -q(o) + w(o). Is v(-5) a composite number?
False
Let q be (-8)/((-16)/810)*34/3. Suppose -q = 4*u - 14*u. Let a = u - 250. Is a a composite number?
True
Let z(i) = -86169*i - 185. Is z(-2) prime?
True
Suppose 14*d - 32326 = -a, 16*d - 3*a - 11545 = 11*d. Is d composite?
False
Let x be (-7 - 3)*(-2 - (-6)/4). Suppose 6 = d + 4, 6249 = f + x*d. Is f a composite number?
True
Let p be 21/3 + ((-807152)/(-854))/(1/7). Suppose 95 = s + 4376. Let m = p + s. Is m a prime number?
False
Suppose -y - 2*y + 4*f - 19 = 0, y + 19 = -5*f. Is (-9757)/(-33) - (-6)/y a prime number?
False
Let b = -38 - -49. Suppose 0 = -5*j + b*j - 9834. Is j a composite number?
True
Let w be (2/6)/((-32)/(-192)). Suppose -4*q - 25022 = -5*n, -w*n = 5*q - 12881 + 2859. Is n composite?
True
Suppose -46*a + 720522 = 53*a. Let u(c) = -c**2 - 5*c - 3. Let g be u(-3). Suppose -9*s = -g*s - a. Is s composite?
False
Suppose 0*p + 4*w - 3623 = -p, 5*p - 17990 = 5*w. Suppose -2*u + 694 - 2124 = -2*s, 2*u - p = -5*s. Is s a composite number?
False
Let l be 2*(-3)/(-12) - 1/(-2). Is (-20 - -63)*2*l a composite number?
True
Let c(w) be the second derivative of -11863*w**3/6 - 6*w**2 + 10*w - 2. Is c(-1) prime?
False
Let a = 364020 - -297163. Is a composite?
False
Suppose -38 = -3*t - 4*o, -2 = -4*t + 3*o + 7. Let h(n) = t - 132*n - 263*n - 2 - 118*n. Is h(-3) composite?
False
Let v = 33 + -29. Suppose v*p + 0*p - 7 = -h, 0 = -4*h + 3*p - 29. Is (-82132)/(-20) + 3 - (-3)/h a prime number?
False
Let i(m) = -m**3 + 2*m**2 + 7*m + 8. Suppose 2*p = 5 + 3. Let v be i(p). Suppose 2442 = v*h + 2*h. Is h a prime number?
False
Let g(l) = 455037*l - 439. Is g(4) composite?
False
Suppose -11*a + 3*d = -12*a + 523, 4*a - 2053 = d. Suppose -a*f = -520*f + 294114. Is f composite?
False
Let f be (-3)/12*-9 - (-6)/8. Suppose -3*k - 642 = -f*u, -u - k + 622 = 2*u. Is u prime?
False
Suppose 7*r - 21 = 7. Suppose -r*p + 92398 = -f, 4*p = 2*f - 29703 + 122103. Is p prime?
True
Let b(s) = 5*s**2 - 180*s + 233. Is b(52) a prime number?
False
Suppose 3*o - 7*o + 5*d = -908, 454 = 2*o - d. Suppose -229*b + 15142 = -o*b. Is b a composite number?
True
Let p = 99 - 76. Suppose -8 + p = 3*f. Suppose 5*m - 5*a - 375 = 0, -f*m + 162 + 203 = 5*a. Is m composite?
True
Suppose 0 = 3*r - 9, -3*z - 4*r + 32 = z. Suppose 0 = x - 4, -3845 = t - 6*t - z*x. Let j = -274 + t. Is j composite?
False
Let o(t) = -101440*t - 2095. Is o(-5) composite?
True
Let a = -293293 - -522536. Is a composite?
True
Suppose -14*f - 32 = -30*f. Is (2*f/(-20))/((-8)/72920) composite?
False
Let o = -3591 + 954. Let m = 4484 + o. Is m composite?
False
Suppose 4*a - 3 = 7*a. Let c be 70/21 + a/3. Is ((-44)/(-20) - c)/((-4)/5710) prime?
False
Suppose -4*y - 12 = 0, 0*y + 14898 = 5*c - y. Let f(p) = -p**3 + 9*p**2 + p + 2. Let q be f(9). Suppose q*r = 2*r + c. Is r a prime number?
True
Let d = 49503 + -27200. Is d a composite number?
False
Let v(s) = -28*s + 1. Let l be v(-1). Let r be (-3614)/(-3) + (-2)/3. Suppose r = l*b - 25*b. Is b prime?
False
Let a = -29434 - -767081. Is a a prime number?
False
Let x be (-26)/8 + 1/4. Let v be 2*(x/4 - 27576/(-32)). Suppose 863 + v = 5*l. Is l composite?
True
Let i = -824 + 2038. Is i prime?
False
Suppose -6 = 3*m - 3*q - 0, -4 = -2*q. Suppose 11962 = -2*h + 5*h + c, 5*h - 2*c - 19955 = m. Is h a composite number?
False
Suppose 0 = -12*u - 63 - 249. Let l = 561 - u. Is l composite?
False
Suppose -3*b + 5*l + 58716 = 0, 27*l = 3*b + 32*l - 58686. Is b prime?
False
Let t = 18048 + -5927. Suppose -5*i = r - 16438, -77748 = -4*r + 5*i - t. Is r a composite number?
True
Let q(k) = 2*k + 53. Let a be q(-9). Is (-6458)/(-6) - (-3 - a/(-15)) prime?
False
Let r = 535 - 683. Let p = 737 + r. Is p composite?
True
Suppose -2*l + 11 = -15. Let w be 3/(-9) - (l/3)/(-1). Is (11 - 13)/(w/(-2466)*3) composite?
True
Let c = -198754 + 1110921. Is c composite?
False
Is (-2)/(-8) - (107112/(-32) - 21/14) prime?
False
Let d be (-22484)/(-22) + 6/1. Let v = d + 3381. Is v prime?
True
Let w be (-264292)/(-35) - (-8)/10. Suppose -w - 1799 = -9*q. Is q composite?
False
Let f = 326 + -326. Suppose 15*r - 29672 - 12523 = f. Is r a composite number?
True
Let l(f) be the first derivative of 32*f**3 + 19*f**2/2 - 60*f - 216. Is l(-17) a prime number?
True
Is (129698/4)/((-795)/(-1590)) a prime number?
True
Let b(m) = -6*m - 10*m + 50 + 78 - 3. Is b(-5) prime?
False
Suppose -2*c + 246658 = -4*f, f - 4*f = 6*c - 739884. Is c prime?
False
Let l = -63109 + 112670. Is l composite?
True
Suppose -59227 + 1703154 = 7*z - j, 2*z + 5*j - 469704 = 0. Is z prime?
True
Suppose -4*i + 4 = -2*q, 5*i - 4 + 0 = 3*q. Suppose -q*y - 2*d = -4196, 2*y - 9*d - 4196 = -12*d. Is y prime?
False
Suppose -2*p - 3*l = -356303, 0 = p - 29*l + 24*l - 178132. Is p composite?
True
Suppose -3*l + 0*a - a = -6, a = -3. Is (1 + l - -1) + 326 a prime number?
True
Let m(r) = -1210*r**2 + 23*r - 8. Let t(z) = -403*z**2 + 8*z - 3. Let l(x) = 6*m(x) - 17*t(x). Let a be l(-2). Let s = a - -2440. Is s a composite number?
True
Is (13/(-78))/((-16)/166983456) composite?
False
Let b(n) = n**3 - 4*n**2 - 9*n + 15. Let z be (-42)/(-4) + (-8)/16. Let s be b(z). Let c = -54 + s. Is c a composite number?
True
Let o be 10*8*(-3)/(-60). Suppose -933 = 2*a - o*a - t, -5*a + 2340 = -5*t. Is a composite?
False
Let z(p) = -50185*p - 2756. Is z(-21) composite?
True
Let q = -17 - -41. Suppose -y + q = -3*y - 4*c, 5*y = 2*c. Is (148/(-16) - y)*-28 composite?
True
Let l be (99/6)/((-15)/(-2540)). Suppose -4195 = -3*o - 4*t + 3*t, -2*o - 2*t = -l. Is o a prime number?
True
Let s(q) = 321*q**2 - 5*q + 4. Let a be s(-11). Suppose 3*i - a = -17*i. Is i composite?
True
Suppose -17*c = -6*c - 165. Let t(h) = 67*h - 32. Is t(c) a prime number?
False
Let g be ((-10)/15)/((-2)/(-15)) - -10. Suppose 2*b - 1361 = 3*c, g*c - 683 = -b + 7*c. Is b a prime number?
True
Let d(v) = -1585*v**2 + v + 5. Let f(y) = 4756*y**2 - 3*y - 14. Let c(p) = 11*d(p) + 4*f(p). Let z be c(-1). Is (z/3 + -2)*6/2 a prime number?
True
Suppose -27*y + 17025589 = 15*y + 7*y. Is y prime?
False
Let i(g) = 55*g**2 - 13*g - 13. Let v(z) = z**2 - z. Let l(o) = i(o) + 3*v(o). Is l(-5) a composite number?
True
Let a = 5947 - 4039. Let g = 1240 - 2475. Let f = g + a. Is f prime?
True
Let u = 50867 + -17119. Suppose 5*a = -4*s + 42154, -4*a + u = -2*s - s. Is a a composite number?
True
Suppose 8*b - 3*x = 4*b + 45863, 4*b - x = 45869. Suppose 4*h - 17205 = -3*r + 2*h, 2